. What is the hundreds digit of d?
4
Suppose j + 2*j - 5*h = 260, 5*j - 4*h = 416. Suppose 4*v - 9 = y - j, -3*y = -5*v - 220. What is the units digit of y?
5
Let m = 437 - -487. Suppose -g = -5*x - 478, -2*g + m = -6*x + 4*x. What is the units digit of g?
8
Let p(a) = -26*a - 43. Let t be p(-2). What is the tens digit of 1/(9/1) + 5732/t?
3
Let v(j) = 0*j + j + 3*j - j**2 - 613 + 614. Let t be v(3). Suppose 4*x - 9*x - 4*u = -242, -258 = -5*x + t*u. What is the units digit of x?
0
Suppose u = 5*t + 6*u, -4*u = -4*t + 40. Let k(m) = 9*m**2 - 4*m + 10. What is the hundreds digit of k(t)?
2
Let d = -9891 + 19814. What is the thousands digit of d?
9
What is the hundreds digit of (-4)/(-28)*-6 - (-3)/42*134426?
6
Let g(k) = -10*k. Let l be g(-5). What is the hundreds digit of (-8)/10 + 22290/l?
4
What is the tens digit of (-77)/66 - (-93725)/30?
2
Let r be (-23)/(3*4/(-12)). Suppose 0 = 3*d - r - 13. Suppose 0 = d*g - 8*g - 224. What is the tens digit of g?
5
Let f = 369 + -359. What is the hundreds digit of (40/(-5))/(f/(-575))?
4
Let l(k) = 9*k**2 + 15*k + 33. Let z be l(-13). Let o = 2296 - z. What is the tens digit of o?
3
Suppose -19 = r - 15. What is the hundreds digit of (-4)/(4/53)*r?
2
Suppose m - 103*y + 105*y = 10807, -2*m + 21574 = -4*y. What is the hundreds digit of m?
7
Suppose -16*d = -14*d + 2180. Let v = -610 + d. What is the tens digit of (1/10*8)/((-8)/v)?
7
Let k(v) = -32*v**3 - 33*v**2 - 10*v - 118. What is the thousands digit of k(-11)?
8
Suppose f - 4*w = -2 + 5, -4*f = 3*w - 50. What is the units digit of ((-107)/2)/(f/(-44))?
4
Let d = 71384 + -48687. What is the units digit of d?
7
Let j(k) = 6*k - 15. Let i be j(-6). Let u = i - -63. Suppose u = -a + 96. What is the tens digit of a?
8
Suppose -422*a = 4*s - 417*a - 119481, 3*a - 29879 = -s. What is the units digit of s?
4
What is the hundreds digit of ((-7)/(-21))/((-19)/(-49134))?
8
Suppose 384 = 5*k - 3*t, 162 = 2*k + 5*t - 9*t. Let d = 169 + k. What is the tens digit of d?
4
Let g = -26 - 4. Let l = g - -39. What is the units digit of (3*3/l)/(2/38)?
9
Suppose -7*w = 21*w - 112. Suppose w*m + 1101 = 5*s, 4*s + 0*m = -5*m + 889. What is the tens digit of s?
2
Suppose 3*z = 0, -2*u - z = z - 8. Suppose 2*o - u*o - 4*f + 502 = 0, 5*o = 4*f + 1213. What is the tens digit of o?
4
Suppose -l = -4*w + 11, -l + 6 = -w + l. Let q be (4/6)/((-1)/(-3)). Suppose 2*n + 268 = w*b, -2*b = b + q*n - 194. What is the units digit of b?
6
Let k be (-3 - 55/(-15))/((-8)/72). What is the units digit of (-3*k/(-54))/((-1)/1506)?
2
Let f(b) be the third derivative of b**6/120 + b**5/20 - b**4/3 - 7*b**3/3 + 36*b**2. What is the units digit of f(6)?
2
Suppose 78*r - 85*r = -33831. What is the units digit of r?
3
Let d(x) = 507*x + 3. Suppose 0 = -4*f + 6*q - 5*q + 2, 4*q - 4 = 4*f. What is the units digit of d(f)?
0
Suppose -2*o = -5*h + 42469, 17*h - 18*h - o + 8498 = 0. What is the hundreds digit of h?
4
Let f(z) = 7*z + 73. Let m be f(-10). Suppose -5*x = a - 302, -m*a = 2*x - 6*x - 830. What is the tens digit of a?
8
Suppose -884*o = -888*o + 16. Let n(w) = 63*w**2 - 10*w + 46. What is the thousands digit of n(o)?
1
Let p(b) = -15*b + 41. Let t be p(0). Let k = t + -22. Let c = k + 11. What is the tens digit of c?
3
Let n = -177 + 180. Suppose -5*u + 420 = -n*u. What is the tens digit of u?
1
Suppose -2*w = 11 + 99. Let c = 89 - w. Suppose 288 = 4*y + 3*o, -c = -0*y - 2*y - 4*o. What is the units digit of y?
2
Let v(j) = -j**2 - 11*j - 5. Let k = 63 + -72. Let d be v(k). Suppose d - 78 = -5*i. What is the tens digit of i?
1
What is the ten thousands digit of (0 + 2)/(-18) + (-3180)/540 + 14118?
1
Let h(t) = 23499*t - 6480. What is the ten thousands digit of h(3)?
6
Let r(a) be the third derivative of a**6/60 - a**5/10 + 3*a**4/8 + 17*a**3/6 + 3*a**2 + 12*a. What is the tens digit of r(6)?
8
Suppose 0 = -a - 0*f + f - 9, 4*a + 60 = -2*f. Let t = 15 + a. Suppose 3*c - 105 = -3*r, -3*c - 2*c = -t*r + 63. What is the tens digit of r?
3
Let z = 99 + -97. Suppose b - 4*a = 29, 4*b - 126 = -z*a + 80. What is the tens digit of b?
4
Let f = 44 - 40. Suppose 0 = -l + a - 1, 4*l - f*a = 2*l - 10. What is the tens digit of (7/((-112)/24))/(l/(-218))?
0
Suppose 5*u - 385 = 48920. What is the thousands digit of u?
9
Let y(j) = -7392*j - 2671. What is the ten thousands digit of y(-5)?
3
Let i = 58 - 57. Suppose 4*v + 5 - i = 0. What is the units digit of (v/(-2))/(-2*4/(-16))?
1
Suppose -3*v = -4*s + 3378, -s + 2*v = 3*v - 848. Suppose 4*m - 1670 - s = 0. What is the hundreds digit of m?
6
Let l = -423 + 906. Let w = l + -123. Let g = w + -201. What is the units digit of g?
9
Let o = -676 + 677. What is the hundreds digit of o/(13/(-26))*(0 + -137)?
2
Suppose 0 = 91*c - 8557 + 24755. Let q(x) = -x + 1. Let g be q(2). What is the hundreds digit of g + 4 - c - -1?
1
Suppose -5*l + 146559 + 169169 = 4*v, -4*l + 4*v + 252604 = 0. What is the tens digit of l?
4
Let m be ((-336)/(-18))/(2*(-3)/(-306)). Let b = m - 33. What is the tens digit of b?
1
Suppose 0*x + 3*x = d - 40, 2*x - 87 = -3*d. Let a = d + -43. What is the tens digit of 47/a*3*-12?
4
Let r = 1775 - -486. What is the units digit of r?
1
Let l = 554 + 2124. Suppose 6*n - l - 2584 = 0. What is the units digit of n?
7
What is the hundreds digit of (636 - 628) + (-402)/5*-21*15?
3
Let o = 114 - 110. Suppose 6*s = 4*a + 4*s - 138, 137 = o*a - 3*s. What is the units digit of ((-130)/a - -4)*721?
6
Let r(m) = -6*m - 123. Let b be r(-32). Let i = 108 - b. What is the units digit of i?
9
Suppose 2 = -2*j + 8. Let o(q) = -2*q**3 - 42*q**2 - 36*q + 81. Let s be o(-20). What is the tens digit of (-1 + 17/j)*(17 + s)?
8
What is the thousands digit of -6 - (-47)/(329/11382)?
1
Let m(a) = -875*a**3 + a + 2. Let n be m(2). What is the units digit of 2/(-21) + n/(-693)?
0
Suppose -k = -4*m + 35420, -5*k + 2*k = 9*m - 79674. What is the tens digit of m?
5
Let b = -223 - -405. What is the tens digit of b/35*(-4 - (-158)/2)?
9
Let o = -317 + 265. Let z = o + 261. What is the tens digit of z?
0
Let y be (-8)/(-3 + 6 - 2). Suppose 0 = -4*h + 3*l + 29 - 0, -4 = -4*l. What is the tens digit of 6/y + 246/h?
3
Let m = -324 - -326. Suppose w - 153 = -g + m*g, g - 312 = -2*w. What is the hundreds digit of w?
1
Suppose -2*h - 5*q + 819 = 0, 0*h + 3*q - 409 = -h. Suppose 0 = 2*i - 362 - h. What is the units digit of i?
7
Let x(o) = -o**3 + 5*o**2. Let z be x(6). Let s(r) = -r**3 + 31*r**2 - 29*r + 7. Let n be s(30). Let l = n + z. What is the units digit of l?
1
What is the thousands digit of 0 - (11375/(-10) - -3) - 2/4?
1
Suppose 5643 = b + y, 2*b - 10*y = -7*y + 11251. What is the hundreds digit of b?
6
Let g be (-4)/((-7 + 2)/1410). Suppose 4*m - 4*r = g, 502 = 3*m + 3*r - 314. What is the units digit of m?
7
Let u be 1014/4 + 18/(-12). Suppose 151*y = 145*y + u. What is the tens digit of y?
4
Let j(w) = -589*w - 167. What is the tens digit of j(-19)?
2
Suppose 7 = -2*x - 5. Let p be 0/((4/x)/((-10)/(-45))). Suppose -4*t + 208 = -p*t. What is the units digit of t?
2
Let m(p) be the second derivative of 0 + 1/12*p**4 - 1/6*p**3 - 17*p + 84*p**2. What is the units digit of m(0)?
8
Let k(d) = d**2 - 3*d - 3. Let z(b) = -b**3 - 7*b**2 - 7*b - 9. Let j be z(-6). Let o be (-1 - -5) + j - 5. What is the units digit of k(o)?
5
Let v(w) = 12*w. Let n be v(-5). Let z = n - -365. What is the units digit of z?
5
Let a be 2*(-20)/16*-226. Let h = a + -185. What is the tens digit of h?
8
What is the units digit of 40/(4*-1)*21/42 + 6976?
1
Let a(y) = y**2 - 13*y + 10. Let d be a(11). Let w be (-16)/(-6) - (-8)/d. Suppose w*p = -2*p + 56. What is the tens digit of p?
1
Suppose 0 = 58*q + 29*q - 292059. What is the units digit of q?
7
Let k(b) = -1127*b + 1265. Let x(o) = 41*o - 46. Let g(u) = -5*k(u) - 138*x(u). What is the hundreds digit of g(-11)?
2
Let h = -6406 - -36677. What is the tens digit of h?
7
Let k be -2 + 81/3 + -1. What is the tens digit of (-1878)/(-9) + 32/k?
1
Suppose 1076*f - 1135*f = -2173088. What is the units digit of f?
2
Suppose -559*o + 493*o = -1687950. What is the ten thousands digit of o?
2
Let o(w) = w - 5. Let a(c) = 4. Let r(v) = -5*a(v) - 4*o(v). Let y be r(-1). Suppose -4*s = 4*t - 316, 2*s - 4*s = y*t - 164. What is the units digit of s?
6
Suppos